{"id":70,"date":"2025-07-02T09:29:45","date_gmt":"2025-07-02T09:29:45","guid":{"rendered":"https:\/\/peninsoul.com\/?page_id=70"},"modified":"2025-09-08T12:58:28","modified_gmt":"2025-09-08T12:58:28","slug":"responsabilite-sociale-des-entreprises","status":"publish","type":"page","link":"https:\/\/peninsoul.com\/fr\/responsabilitat-social-corporativa\/","title":{"rendered":"Responsabilit\u00e9 sociale des entreprises"},"content":{"rendered":"<p data-start=\"217\" data-end=\"379\">Chez Peninsoul, nous pensons que le progr\u00e8s n'est r\u00e9el que s'il est partag\u00e9. C'est pourquoi, <strong data-start=\"294\" data-end=\"378\">La solidarit\u00e9 et la responsabilit\u00e9 sociale font partie int\u00e9grante de notre ADN d'entreprise.<\/strong>.<\/p>\n<p data-start=\"381\" data-end=\"860\">Chaque ann\u00e9e, nous collaborons avec <strong data-start=\"472\" data-end=\"533\">Le service social de l'h\u00f4pital Sant Joan de D\u00e9u \u00e0 Barcelone<\/strong>, une organisation \u00e0 but non lucratif qui \u0153uvre pour am\u00e9liorer les conditions de vie des groupes les plus vuln\u00e9rables. Cette initiative s'inscrit dans le cadre de notre engagement envers les personnes et le territoire, et nous sommes fiers de pouvoir contribuer activement au travail de l'une des plus importantes organisations de coop\u00e9ration internationale.<\/p>\n<p data-start=\"862\" data-end=\"881\">Par ailleurs, sur Peninsoul :<\/p>\n<ul data-start=\"883\" data-end=\"1276\">\n<li data-start=\"883\" data-end=\"983\">\n<p data-start=\"885\" data-end=\"983\"><strong data-start=\"885\" data-end=\"918\">Nous participons \u00e0 des actions sociales.<\/strong> dans la zone d'influence de notre usine de La Roca del Vall\u00e8s.<\/p>\n<\/li>\n<li data-start=\"984\" data-end=\"1137\">\n<p data-start=\"986\" data-end=\"1137\"><strong data-start=\"986\" data-end=\"1076\">Nous soutenons les programmes qui favorisent l'insertion professionnelle des personnes handicap\u00e9es.<\/strong>, offrant de r\u00e9elles perspectives d'insertion professionnelle.<\/p>\n<\/li>\n<li data-start=\"1138\" data-end=\"1276\">\n<p data-start=\"1140\" data-end=\"1276\"><strong data-start=\"1140\" data-end=\"1190\">Nous encourageons la participation active de notre \u00e9quipe.<\/strong> dans le cadre d'initiatives solidaires, en favorisant une culture d'entreprise engag\u00e9e en faveur du bien commun.<\/p>\n<\/li>\n<\/ul>\n<p data-start=\"1278\" data-end=\"1387\">Notre engagement va au-del\u00e0 du recyclage : nous \u0153uvrons pour une <strong data-start=\"1344\" data-end=\"1386\">Un avenir plus humain, plus inclusif et plus responsable<\/strong>.<\/p>","protected":false},"excerpt":{"rendered":"<p>A Peninsoul creiem que el progr\u00e9s nom\u00e9s \u00e9s real quan \u00e9s compartit. Per aix\u00f2, la solidaritat i la responsabilitat social formen part del nostre ADN corporatiu. Cada any, col\u00b7laborem amb l\u2019Obra Social de l\u2019Hospital Sant Joan de D\u00e9u de Barcelona, una entitat sense \u00e0nim de lucre que treballa per millorar la vida dels col\u00b7lectius m\u00e9s [&hellip;]<\/p>\n","protected":false},"author":1,"featured_media":72,"parent":0,"menu_order":0,"comment_status":"closed","ping_status":"closed","template":"","meta":{"_acf_changed":false,"footnotes":""},"class_list":["post-70","page","type-page","status-publish","has-post-thumbnail","hentry"],"acf":[],"yoast_head":"<!-- This site is optimized with the Yoast SEO plugin v27.1.1 - https:\/\/yoast.com\/product\/yoast-seo-wordpress\/ -->\n<title>Responsabilitat Social Corporativa - Peninsoul<\/title>\n<meta name=\"robots\" content=\"index, follow, max-snippet:-1, max-image-preview:large, max-video-preview:-1\" \/>\n<link rel=\"canonical\" href=\"https:\/\/peninsoul.com\/fr\/responsabilite-sociale-des-entreprises\/\" \/>\n<meta property=\"og:locale\" content=\"fr_FR\" \/>\n<meta property=\"og:type\" content=\"article\" \/>\n<meta property=\"og:title\" content=\"Responsabilitat Social Corporativa - Peninsoul\" \/>\n<meta property=\"og:description\" content=\"A Peninsoul creiem que el progr\u00e9s nom\u00e9s \u00e9s real quan \u00e9s compartit. Per aix\u00f2, la solidaritat i la responsabilitat social formen part del nostre ADN corporatiu. Cada any, col\u00b7laborem amb l\u2019Obra Social de l\u2019Hospital Sant Joan de D\u00e9u de Barcelona, una entitat sense \u00e0nim de lucre que treballa per millorar la vida dels col\u00b7lectius m\u00e9s [&hellip;]\" \/>\n<meta property=\"og:url\" content=\"https:\/\/peninsoul.com\/fr\/responsabilite-sociale-des-entreprises\/\" \/>\n<meta property=\"og:site_name\" content=\"Peninsoul\" \/>\n<meta property=\"article:modified_time\" content=\"2025-09-08T12:58:28+00:00\" \/>\n<meta property=\"og:image\" content=\"https:\/\/peninsoul.com\/wp-content\/uploads\/2025\/07\/responsabilitat.jpg\" \/>\n\t<meta property=\"og:image:width\" content=\"1920\" \/>\n\t<meta property=\"og:image:height\" content=\"500\" \/>\n\t<meta property=\"og:image:type\" content=\"image\/jpeg\" \/>\n<meta name=\"twitter:card\" content=\"summary_large_image\" \/>\n<meta name=\"twitter:label1\" content=\"Dur\u00e9e de lecture estim\u00e9e\" \/>\n\t<meta name=\"twitter:data1\" content=\"1 minute\" \/>\n<script type=\"application\/ld+json\" class=\"yoast-schema-graph\">{\"@context\":\"https:\/\/schema.org\",\"@graph\":[{\"@type\":\"WebPage\",\"@id\":\"https:\/\/peninsoul.com\/responsabilitat-social-corporativa\/\",\"url\":\"https:\/\/peninsoul.com\/responsabilitat-social-corporativa\/\",\"name\":\"Responsabilitat Social Corporativa - Peninsoul\",\"isPartOf\":{\"@id\":\"https:\/\/peninsoul.com\/#website\"},\"primaryImageOfPage\":{\"@id\":\"https:\/\/peninsoul.com\/responsabilitat-social-corporativa\/#primaryimage\"},\"image\":{\"@id\":\"https:\/\/peninsoul.com\/responsabilitat-social-corporativa\/#primaryimage\"},\"thumbnailUrl\":\"https:\/\/peninsoul.com\/wp-content\/uploads\/2025\/07\/responsabilitat.jpg\",\"datePublished\":\"2025-07-02T09:29:45+00:00\",\"dateModified\":\"2025-09-08T12:58:28+00:00\",\"breadcrumb\":{\"@id\":\"https:\/\/peninsoul.com\/responsabilitat-social-corporativa\/#breadcrumb\"},\"inLanguage\":\"fr-FR\",\"potentialAction\":[{\"@type\":\"ReadAction\",\"target\":[\"https:\/\/peninsoul.com\/responsabilitat-social-corporativa\/\"]}]},{\"@type\":\"ImageObject\",\"inLanguage\":\"fr-FR\",\"@id\":\"https:\/\/peninsoul.com\/responsabilitat-social-corporativa\/#primaryimage\",\"url\":\"https:\/\/peninsoul.com\/wp-content\/uploads\/2025\/07\/responsabilitat.jpg\",\"contentUrl\":\"https:\/\/peninsoul.com\/wp-content\/uploads\/2025\/07\/responsabilitat.jpg\",\"width\":1920,\"height\":500},{\"@type\":\"BreadcrumbList\",\"@id\":\"https:\/\/peninsoul.com\/responsabilitat-social-corporativa\/#breadcrumb\",\"itemListElement\":[{\"@type\":\"ListItem\",\"position\":1,\"name\":\"Inici\",\"item\":\"https:\/\/peninsoul.com\/\"},{\"@type\":\"ListItem\",\"position\":2,\"name\":\"Responsabilitat Social Corporativa\"}]},{\"@type\":\"WebSite\",\"@id\":\"https:\/\/peninsoul.com\/#website\",\"url\":\"https:\/\/peninsoul.com\/\",\"name\":\"Peninsoul\",\"description\":\"Reciclar, transformar i connectar amb el m\u00f3n.\",\"potentialAction\":[{\"@type\":\"SearchAction\",\"target\":{\"@type\":\"EntryPoint\",\"urlTemplate\":\"https:\/\/peninsoul.com\/?s={search_term_string}\"},\"query-input\":{\"@type\":\"PropertyValueSpecification\",\"valueRequired\":true,\"valueName\":\"search_term_string\"}}],\"inLanguage\":\"fr-FR\"}]}<\/script>\n<!-- \/ Yoast SEO plugin. -->","yoast_head_json":{"title":"Responsabilit\u00e9 sociale des entreprises - Peninsoul","robots":{"index":"index","follow":"follow","max-snippet":"max-snippet:-1","max-image-preview":"max-image-preview:large","max-video-preview":"max-video-preview:-1"},"canonical":"https:\/\/peninsoul.com\/fr\/responsabilite-sociale-des-entreprises\/","og_locale":"fr_FR","og_type":"article","og_title":"Responsabilitat Social Corporativa - Peninsoul","og_description":"A Peninsoul creiem que el progr\u00e9s nom\u00e9s \u00e9s real quan \u00e9s compartit. Per aix\u00f2, la solidaritat i la responsabilitat social formen part del nostre ADN corporatiu. Cada any, col\u00b7laborem amb l\u2019Obra Social de l\u2019Hospital Sant Joan de D\u00e9u de Barcelona, una entitat sense \u00e0nim de lucre que treballa per millorar la vida dels col\u00b7lectius m\u00e9s [&hellip;]","og_url":"https:\/\/peninsoul.com\/fr\/responsabilite-sociale-des-entreprises\/","og_site_name":"Peninsoul","article_modified_time":"2025-09-08T12:58:28+00:00","og_image":[{"width":1920,"height":500,"url":"https:\/\/peninsoul.com\/wp-content\/uploads\/2025\/07\/responsabilitat.jpg","type":"image\/jpeg"}],"twitter_card":"summary_large_image","twitter_misc":{"Dur\u00e9e de lecture estim\u00e9e":"1 minute"},"schema":{"@context":"https:\/\/schema.org","@graph":[{"@type":"WebPage","@id":"https:\/\/peninsoul.com\/responsabilitat-social-corporativa\/","url":"https:\/\/peninsoul.com\/responsabilitat-social-corporativa\/","name":"Responsabilit\u00e9 sociale des entreprises - Peninsoul","isPartOf":{"@id":"https:\/\/peninsoul.com\/#website"},"primaryImageOfPage":{"@id":"https:\/\/peninsoul.com\/responsabilitat-social-corporativa\/#primaryimage"},"image":{"@id":"https:\/\/peninsoul.com\/responsabilitat-social-corporativa\/#primaryimage"},"thumbnailUrl":"https:\/\/peninsoul.com\/wp-content\/uploads\/2025\/07\/responsabilitat.jpg","datePublished":"2025-07-02T09:29:45+00:00","dateModified":"2025-09-08T12:58:28+00:00","breadcrumb":{"@id":"https:\/\/peninsoul.com\/responsabilitat-social-corporativa\/#breadcrumb"},"inLanguage":"fr-FR","potentialAction":[{"@type":"ReadAction","target":["https:\/\/peninsoul.com\/responsabilitat-social-corporativa\/"]}]},{"@type":"ImageObject","inLanguage":"fr-FR","@id":"https:\/\/peninsoul.com\/responsabilitat-social-corporativa\/#primaryimage","url":"https:\/\/peninsoul.com\/wp-content\/uploads\/2025\/07\/responsabilitat.jpg","contentUrl":"https:\/\/peninsoul.com\/wp-content\/uploads\/2025\/07\/responsabilitat.jpg","width":1920,"height":500},{"@type":"BreadcrumbList","@id":"https:\/\/peninsoul.com\/responsabilitat-social-corporativa\/#breadcrumb","itemListElement":[{"@type":"ListItem","position":1,"name":"Inici","item":"https:\/\/peninsoul.com\/"},{"@type":"ListItem","position":2,"name":"Responsabilitat Social Corporativa"}]},{"@type":"WebSite","@id":"https:\/\/peninsoul.com\/#website","url":"https:\/\/peninsoul.com\/","name":"Peninsoul","description":"Recyclez, transformez et connectez-vous au monde.","potentialAction":[{"@type":"SearchAction","target":{"@type":"EntryPoint","urlTemplate":"https:\/\/peninsoul.com\/?s={search_term_string}"},"query-input":{"@type":"PropertyValueSpecification","valueRequired":true,"valueName":"search_term_string"}}],"inLanguage":"fr-FR"}]}},"_links":{"self":[{"href":"https:\/\/peninsoul.com\/fr\/wp-json\/wp\/v2\/pages\/70","targetHints":{"allow":["GET"]}}],"collection":[{"href":"https:\/\/peninsoul.com\/fr\/wp-json\/wp\/v2\/pages"}],"about":[{"href":"https:\/\/peninsoul.com\/fr\/wp-json\/wp\/v2\/types\/page"}],"author":[{"embeddable":true,"href":"https:\/\/peninsoul.com\/fr\/wp-json\/wp\/v2\/users\/1"}],"replies":[{"embeddable":true,"href":"https:\/\/peninsoul.com\/fr\/wp-json\/wp\/v2\/comments?post=70"}],"version-history":[{"count":3,"href":"https:\/\/peninsoul.com\/fr\/wp-json\/wp\/v2\/pages\/70\/revisions"}],"predecessor-version":[{"id":139,"href":"https:\/\/peninsoul.com\/fr\/wp-json\/wp\/v2\/pages\/70\/revisions\/139"}],"wp:featuredmedia":[{"embeddable":true,"href":"https:\/\/peninsoul.com\/fr\/wp-json\/wp\/v2\/media\/72"}],"wp:attachment":[{"href":"https:\/\/peninsoul.com\/fr\/wp-json\/wp\/v2\/media?parent=70"}],"curies":[{"name":"wp","href":"https:\/\/api.w.org\/{rel}","templated":true}]}}

Responsabilité sociale des entreprises

<p data-start="217" data-end="379">Chez Peninsoul, nous pensons que le progrès n'est réel que s'il est partagé. C'est pourquoi, <strong data-start="294" data-end="378">La solidarité et la responsabilité sociale font partie intégrante de notre ADN d'entreprise.</strong>.</p>
<p data-start="381" data-end="860">Chaque année, nous collaborons avec <strong data-start="472" data-end="533">Le service social de l'hôpital Sant Joan de Déu à Barcelone</strong>, une organisation à but non lucratif qui œuvre pour améliorer les conditions de vie des groupes les plus vulnérables. Cette initiative s'inscrit dans le cadre de notre engagement envers les personnes et le territoire, et nous sommes fiers de pouvoir contribuer activement au travail de l'une des plus importantes organisations de coopération internationale.</p>
<p data-start="862" data-end="881">Par ailleurs, sur Peninsoul :</p>
<ul data-start="883" data-end="1276">
<li data-start="883" data-end="983">
<p data-start="885" data-end="983"><strong data-start="885" data-end="918">Nous participons à des actions sociales.</strong> dans la zone d'influence de notre usine de La Roca del Vallès.</p>
</li>
<li data-start="984" data-end="1137">
<p data-start="986" data-end="1137"><strong data-start="986" data-end="1076">Nous soutenons les programmes qui favorisent l'insertion professionnelle des personnes handicapées.</strong>, offrant de réelles perspectives d'insertion professionnelle.</p>
</li>
<li data-start="1138" data-end="1276">
<p data-start="1140" data-end="1276"><strong data-start="1140" data-end="1190">Nous encourageons la participation active de notre équipe.</strong> dans le cadre d'initiatives solidaires, en favorisant une culture d'entreprise engagée en faveur du bien commun.</p>
</li>
</ul>
<p data-start="1278" data-end="1387">Notre engagement va au-delà du recyclage : nous œuvrons pour une <strong data-start="1344" data-end="1386">Un avenir plus humain, plus inclusif et plus responsable</strong>.</p>

<p>A Peninsoul creiem que el progrés només és real quan és compartit. Per això, la solidaritat i la responsabilitat social formen part del nostre ADN corporatiu. Cada any, col·laborem amb l’Obra Social de l’Hospital Sant Joan de Déu de Barcelona, una entitat sense ànim de lucre que treballa per millorar la vida dels col·lectius més [&hellip;]</p>

<!-- This site is optimized with the Yoast SEO plugin v27.1.1 - https://yoast.com/product/yoast-seo-wordpress/ -->
<title>Responsabilitat Social Corporativa - Peninsoul</title>
<meta name="robots" content="index, follow, max-snippet:-1, max-image-preview:large, max-video-preview:-1" />
<link rel="canonical" href="https://peninsoul.com/fr/responsabilite-sociale-des-entreprises/" />
<meta property="og:locale" content="fr_FR" />
<meta property="og:type" content="article" />
<meta property="og:title" content="Responsabilitat Social Corporativa - Peninsoul" />
<meta property="og:description" content="A Peninsoul creiem que el progrés només és real quan és compartit. Per això, la solidaritat i la responsabilitat social formen part del nostre ADN corporatiu. Cada any, col·laborem amb l’Obra Social de l’Hospital Sant Joan de Déu de Barcelona, una entitat sense ànim de lucre que treballa per millorar la vida dels col·lectius més [&hellip;]" />
<meta property="og:url" content="https://peninsoul.com/fr/responsabilite-sociale-des-entreprises/" />
<meta property="og:site_name" content="Peninsoul" />
<meta property="article:modified_time" content="2025-09-08T12:58:28+00:00" />
<meta property="og:image" content="https://peninsoul.com/wp-content/uploads/2025/07/responsabilitat.jpg" />
	<meta property="og:image:width" content="1920" />
	<meta property="og:image:height" content="500" />
	<meta property="og:image:type" content="image/jpeg" />
<meta name="twitter:card" content="summary_large_image" />
<meta name="twitter:label1" content="Durée de lecture estimée" />
	<meta name="twitter:data1" content="1 minute" />
<script type="application/ld+json" class="yoast-schema-graph">{"@context":"https://schema.org","@graph":[{"@type":"WebPage","@id":"https://peninsoul.com/responsabilitat-social-corporativa/","url":"https://peninsoul.com/responsabilitat-social-corporativa/","name":"Responsabilitat Social Corporativa - Peninsoul","isPartOf":{"@id":"https://peninsoul.com/#website"},"primaryImageOfPage":{"@id":"https://peninsoul.com/responsabilitat-social-corporativa/#primaryimage"},"image":{"@id":"https://peninsoul.com/responsabilitat-social-corporativa/#primaryimage"},"thumbnailUrl":"https://peninsoul.com/wp-content/uploads/2025/07/responsabilitat.jpg","datePublished":"2025-07-02T09:29:45+00:00","dateModified":"2025-09-08T12:58:28+00:00","breadcrumb":{"@id":"https://peninsoul.com/responsabilitat-social-corporativa/#breadcrumb"},"inLanguage":"fr-FR","potentialAction":[{"@type":"ReadAction","target":["https://peninsoul.com/responsabilitat-social-corporativa/"]}]},{"@type":"ImageObject","inLanguage":"fr-FR","@id":"https://peninsoul.com/responsabilitat-social-corporativa/#primaryimage","url":"https://peninsoul.com/wp-content/uploads/2025/07/responsabilitat.jpg","contentUrl":"https://peninsoul.com/wp-content/uploads/2025/07/responsabilitat.jpg","width":1920,"height":500},{"@type":"BreadcrumbList","@id":"https://peninsoul.com/responsabilitat-social-corporativa/#breadcrumb","itemListElement":[{"@type":"ListItem","position":1,"name":"Inici","item":"https://peninsoul.com/"},{"@type":"ListItem","position":2,"name":"Responsabilitat Social Corporativa"}]},{"@type":"WebSite","@id":"https://peninsoul.com/#website","url":"https://peninsoul.com/","name":"Peninsoul","description":"Reciclar, transformar i connectar amb el món.","potentialAction":[{"@type":"SearchAction","target":{"@type":"EntryPoint","urlTemplate":"https://peninsoul.com/?s={search_term_string}"},"query-input":{"@type":"PropertyValueSpecification","valueRequired":true,"valueName":"search_term_string"}}],"inLanguage":"fr-FR"}]}</script>
<!-- / Yoast SEO plugin. -->

Responsabilité sociale des entreprises - Peninsoul

A Peninsoul creiem que el progrés només és real quan és compartit. Per això, la solidaritat i la responsabilitat social formen part del nostre ADN corporatiu. Cada any, col·laborem amb l’Obra Social de l’Hospital Sant Joan de Déu de Barcelona, una entitat sense ànim de lucre que treballa per millorar la vida dels col·lectius més [&hellip;]
