{"id":70,"date":"2025-07-02T09:29:45","date_gmt":"2025-07-02T09:29:45","guid":{"rendered":"https:\/\/peninsoul.com\/?page_id=70"},"modified":"2025-09-08T12:58:28","modified_gmt":"2025-09-08T12:58:28","slug":"responsabilidad-social-corporativa","status":"publish","type":"page","link":"https:\/\/peninsoul.com\/es\/responsabilitat-social-corporativa\/","title":{"rendered":"Responsabilidad social corporativa"},"content":{"rendered":"<p data-start=\"217\" data-end=\"379\">En Peninsoul creemos que el progreso solo es real cuando se comparte. Por eso, <strong data-start=\"294\" data-end=\"378\">La solidaridad y la responsabilidad social forman parte de nuestro ADN corporativo.<\/strong>.<\/p>\n<p data-start=\"381\" data-end=\"860\">Cada a\u00f1o, colaboramos con <strong data-start=\"472\" data-end=\"533\">El servicio de asistencia social del Hospital Sant Joan de D\u00e9u de Barcelona<\/strong>, una organizaci\u00f3n sin \u00e1nimo de lucro que trabaja para mejorar la vida de los colectivos m\u00e1s vulnerables. Esta iniciativa forma parte de nuestro compromiso con las personas y el territorio, y nos enorgullece poder contribuir activamente a la labor de una de las organizaciones de cooperaci\u00f3n internacional m\u00e1s importantes.<\/p>\n<p data-start=\"862\" data-end=\"881\">Adem\u00e1s, en Peninsoul:<\/p>\n<ul data-start=\"883\" data-end=\"1276\">\n<li data-start=\"883\" data-end=\"983\">\n<p data-start=\"885\" data-end=\"983\"><strong data-start=\"885\" data-end=\"918\">Participamos en iniciativas sociales.<\/strong> en el \u00e1mbito de influencia de nuestra planta de La Roca del Vall\u00e8s.<\/p>\n<\/li>\n<li data-start=\"984\" data-end=\"1137\">\n<p data-start=\"986\" data-end=\"1137\"><strong data-start=\"986\" data-end=\"1076\">Apoyamos programas que promueven la inclusi\u00f3n laboral de las personas con discapacidad.<\/strong>, ofreciendo oportunidades reales de integraci\u00f3n en el mundo laboral.<\/p>\n<\/li>\n<li data-start=\"1138\" data-end=\"1276\">\n<p data-start=\"1140\" data-end=\"1276\"><strong data-start=\"1140\" data-end=\"1190\">Fomentamos la participaci\u00f3n activa de nuestro equipo.<\/strong> en iniciativas solidarias, promoviendo una cultura empresarial comprometida con el bien com\u00fan.<\/p>\n<\/li>\n<\/ul>\n<p data-start=\"1278\" data-end=\"1387\">Nuestro compromiso va m\u00e1s all\u00e1 del reciclaje: trabajamos por un <strong data-start=\"1344\" data-end=\"1386\">Un futuro m\u00e1s humano, inclusivo y responsable<\/strong>.<\/p>","protected":false},"excerpt":{"rendered":"<p>A Peninsoul creiem que el progr\u00e9s nom\u00e9s \u00e9s real quan \u00e9s compartit. Per aix\u00f2, la solidaritat i la responsabilitat social formen part del nostre ADN corporatiu. Cada any, col\u00b7laborem amb l\u2019Obra Social de l\u2019Hospital Sant Joan de D\u00e9u de Barcelona, una entitat sense \u00e0nim de lucre que treballa per millorar la vida dels col\u00b7lectius m\u00e9s [&hellip;]<\/p>\n","protected":false},"author":1,"featured_media":72,"parent":0,"menu_order":0,"comment_status":"closed","ping_status":"closed","template":"","meta":{"_acf_changed":false,"footnotes":""},"class_list":["post-70","page","type-page","status-publish","has-post-thumbnail","hentry"],"acf":[],"yoast_head":"<!-- This site is optimized with the Yoast SEO plugin v27.1.1 - https:\/\/yoast.com\/product\/yoast-seo-wordpress\/ -->\n<title>Responsabilitat Social Corporativa - Peninsoul<\/title>\n<meta name=\"robots\" content=\"index, follow, max-snippet:-1, max-image-preview:large, max-video-preview:-1\" \/>\n<link rel=\"canonical\" href=\"https:\/\/peninsoul.com\/es\/responsabilidad-social-corporativa\/\" \/>\n<meta property=\"og:locale\" content=\"es_ES\" \/>\n<meta property=\"og:type\" content=\"article\" \/>\n<meta property=\"og:title\" content=\"Responsabilitat Social Corporativa - Peninsoul\" \/>\n<meta property=\"og:description\" content=\"A Peninsoul creiem que el progr\u00e9s nom\u00e9s \u00e9s real quan \u00e9s compartit. Per aix\u00f2, la solidaritat i la responsabilitat social formen part del nostre ADN corporatiu. Cada any, col\u00b7laborem amb l\u2019Obra Social de l\u2019Hospital Sant Joan de D\u00e9u de Barcelona, una entitat sense \u00e0nim de lucre que treballa per millorar la vida dels col\u00b7lectius m\u00e9s [&hellip;]\" \/>\n<meta property=\"og:url\" content=\"https:\/\/peninsoul.com\/es\/responsabilidad-social-corporativa\/\" \/>\n<meta property=\"og:site_name\" content=\"Peninsoul\" \/>\n<meta property=\"article:modified_time\" content=\"2025-09-08T12:58:28+00:00\" \/>\n<meta property=\"og:image\" content=\"https:\/\/peninsoul.com\/wp-content\/uploads\/2025\/07\/responsabilitat.jpg\" \/>\n\t<meta property=\"og:image:width\" content=\"1920\" \/>\n\t<meta property=\"og:image:height\" content=\"500\" \/>\n\t<meta property=\"og:image:type\" content=\"image\/jpeg\" \/>\n<meta name=\"twitter:card\" content=\"summary_large_image\" \/>\n<meta name=\"twitter:label1\" content=\"Tiempo de lectura\" \/>\n\t<meta name=\"twitter:data1\" content=\"1 minuto\" \/>\n<script type=\"application\/ld+json\" class=\"yoast-schema-graph\">{\"@context\":\"https:\/\/schema.org\",\"@graph\":[{\"@type\":\"WebPage\",\"@id\":\"https:\/\/peninsoul.com\/responsabilitat-social-corporativa\/\",\"url\":\"https:\/\/peninsoul.com\/responsabilitat-social-corporativa\/\",\"name\":\"Responsabilitat Social Corporativa - Peninsoul\",\"isPartOf\":{\"@id\":\"https:\/\/peninsoul.com\/#website\"},\"primaryImageOfPage\":{\"@id\":\"https:\/\/peninsoul.com\/responsabilitat-social-corporativa\/#primaryimage\"},\"image\":{\"@id\":\"https:\/\/peninsoul.com\/responsabilitat-social-corporativa\/#primaryimage\"},\"thumbnailUrl\":\"https:\/\/peninsoul.com\/wp-content\/uploads\/2025\/07\/responsabilitat.jpg\",\"datePublished\":\"2025-07-02T09:29:45+00:00\",\"dateModified\":\"2025-09-08T12:58:28+00:00\",\"breadcrumb\":{\"@id\":\"https:\/\/peninsoul.com\/responsabilitat-social-corporativa\/#breadcrumb\"},\"inLanguage\":\"es\",\"potentialAction\":[{\"@type\":\"ReadAction\",\"target\":[\"https:\/\/peninsoul.com\/responsabilitat-social-corporativa\/\"]}]},{\"@type\":\"ImageObject\",\"inLanguage\":\"es\",\"@id\":\"https:\/\/peninsoul.com\/responsabilitat-social-corporativa\/#primaryimage\",\"url\":\"https:\/\/peninsoul.com\/wp-content\/uploads\/2025\/07\/responsabilitat.jpg\",\"contentUrl\":\"https:\/\/peninsoul.com\/wp-content\/uploads\/2025\/07\/responsabilitat.jpg\",\"width\":1920,\"height\":500},{\"@type\":\"BreadcrumbList\",\"@id\":\"https:\/\/peninsoul.com\/responsabilitat-social-corporativa\/#breadcrumb\",\"itemListElement\":[{\"@type\":\"ListItem\",\"position\":1,\"name\":\"Inici\",\"item\":\"https:\/\/peninsoul.com\/\"},{\"@type\":\"ListItem\",\"position\":2,\"name\":\"Responsabilitat Social Corporativa\"}]},{\"@type\":\"WebSite\",\"@id\":\"https:\/\/peninsoul.com\/#website\",\"url\":\"https:\/\/peninsoul.com\/\",\"name\":\"Peninsoul\",\"description\":\"Reciclar, transformar i connectar amb el m\u00f3n.\",\"potentialAction\":[{\"@type\":\"SearchAction\",\"target\":{\"@type\":\"EntryPoint\",\"urlTemplate\":\"https:\/\/peninsoul.com\/?s={search_term_string}\"},\"query-input\":{\"@type\":\"PropertyValueSpecification\",\"valueRequired\":true,\"valueName\":\"search_term_string\"}}],\"inLanguage\":\"es\"}]}<\/script>\n<!-- \/ Yoast SEO plugin. -->","yoast_head_json":{"title":"Responsabilidad social corporativa - Peninsoul","robots":{"index":"index","follow":"follow","max-snippet":"max-snippet:-1","max-image-preview":"max-image-preview:large","max-video-preview":"max-video-preview:-1"},"canonical":"https:\/\/peninsoul.com\/es\/responsabilidad-social-corporativa\/","og_locale":"es_ES","og_type":"article","og_title":"Responsabilitat Social Corporativa - Peninsoul","og_description":"A Peninsoul creiem que el progr\u00e9s nom\u00e9s \u00e9s real quan \u00e9s compartit. Per aix\u00f2, la solidaritat i la responsabilitat social formen part del nostre ADN corporatiu. Cada any, col\u00b7laborem amb l\u2019Obra Social de l\u2019Hospital Sant Joan de D\u00e9u de Barcelona, una entitat sense \u00e0nim de lucre que treballa per millorar la vida dels col\u00b7lectius m\u00e9s [&hellip;]","og_url":"https:\/\/peninsoul.com\/es\/responsabilidad-social-corporativa\/","og_site_name":"Peninsoul","article_modified_time":"2025-09-08T12:58:28+00:00","og_image":[{"width":1920,"height":500,"url":"https:\/\/peninsoul.com\/wp-content\/uploads\/2025\/07\/responsabilitat.jpg","type":"image\/jpeg"}],"twitter_card":"summary_large_image","twitter_misc":{"Tiempo de lectura":"1 minuto"},"schema":{"@context":"https:\/\/schema.org","@graph":[{"@type":"WebPage","@id":"https:\/\/peninsoul.com\/responsabilitat-social-corporativa\/","url":"https:\/\/peninsoul.com\/responsabilitat-social-corporativa\/","name":"Responsabilidad social corporativa - Peninsoul","isPartOf":{"@id":"https:\/\/peninsoul.com\/#website"},"primaryImageOfPage":{"@id":"https:\/\/peninsoul.com\/responsabilitat-social-corporativa\/#primaryimage"},"image":{"@id":"https:\/\/peninsoul.com\/responsabilitat-social-corporativa\/#primaryimage"},"thumbnailUrl":"https:\/\/peninsoul.com\/wp-content\/uploads\/2025\/07\/responsabilitat.jpg","datePublished":"2025-07-02T09:29:45+00:00","dateModified":"2025-09-08T12:58:28+00:00","breadcrumb":{"@id":"https:\/\/peninsoul.com\/responsabilitat-social-corporativa\/#breadcrumb"},"inLanguage":"es","potentialAction":[{"@type":"ReadAction","target":["https:\/\/peninsoul.com\/responsabilitat-social-corporativa\/"]}]},{"@type":"ImageObject","inLanguage":"es","@id":"https:\/\/peninsoul.com\/responsabilitat-social-corporativa\/#primaryimage","url":"https:\/\/peninsoul.com\/wp-content\/uploads\/2025\/07\/responsabilitat.jpg","contentUrl":"https:\/\/peninsoul.com\/wp-content\/uploads\/2025\/07\/responsabilitat.jpg","width":1920,"height":500},{"@type":"BreadcrumbList","@id":"https:\/\/peninsoul.com\/responsabilitat-social-corporativa\/#breadcrumb","itemListElement":[{"@type":"ListItem","position":1,"name":"Inici","item":"https:\/\/peninsoul.com\/"},{"@type":"ListItem","position":2,"name":"Responsabilitat Social Corporativa"}]},{"@type":"WebSite","@id":"https:\/\/peninsoul.com\/#website","url":"https:\/\/peninsoul.com\/","name":"Peninsoul","description":"Recicla, transforma y con\u00e9ctate con el mundo.","potentialAction":[{"@type":"SearchAction","target":{"@type":"EntryPoint","urlTemplate":"https:\/\/peninsoul.com\/?s={search_term_string}"},"query-input":{"@type":"PropertyValueSpecification","valueRequired":true,"valueName":"search_term_string"}}],"inLanguage":"es"}]}},"_links":{"self":[{"href":"https:\/\/peninsoul.com\/es\/wp-json\/wp\/v2\/pages\/70","targetHints":{"allow":["GET"]}}],"collection":[{"href":"https:\/\/peninsoul.com\/es\/wp-json\/wp\/v2\/pages"}],"about":[{"href":"https:\/\/peninsoul.com\/es\/wp-json\/wp\/v2\/types\/page"}],"author":[{"embeddable":true,"href":"https:\/\/peninsoul.com\/es\/wp-json\/wp\/v2\/users\/1"}],"replies":[{"embeddable":true,"href":"https:\/\/peninsoul.com\/es\/wp-json\/wp\/v2\/comments?post=70"}],"version-history":[{"count":3,"href":"https:\/\/peninsoul.com\/es\/wp-json\/wp\/v2\/pages\/70\/revisions"}],"predecessor-version":[{"id":139,"href":"https:\/\/peninsoul.com\/es\/wp-json\/wp\/v2\/pages\/70\/revisions\/139"}],"wp:featuredmedia":[{"embeddable":true,"href":"https:\/\/peninsoul.com\/es\/wp-json\/wp\/v2\/media\/72"}],"wp:attachment":[{"href":"https:\/\/peninsoul.com\/es\/wp-json\/wp\/v2\/media?parent=70"}],"curies":[{"name":"wp","href":"https:\/\/api.w.org\/{rel}","templated":true}]}}

<p data-start="217" data-end="379">En Peninsoul creemos que el progreso solo es real cuando se comparte. Por eso, <strong data-start="294" data-end="378">La solidaridad y la responsabilidad social forman parte de nuestro ADN corporativo.</strong>.</p>
<p data-start="381" data-end="860">Cada año, colaboramos con <strong data-start="472" data-end="533">El servicio de asistencia social del Hospital Sant Joan de Déu de Barcelona</strong>, una organización sin ánimo de lucro que trabaja para mejorar la vida de los colectivos más vulnerables. Esta iniciativa forma parte de nuestro compromiso con las personas y el territorio, y nos enorgullece poder contribuir activamente a la labor de una de las organizaciones de cooperación internacional más importantes.</p>
<p data-start="862" data-end="881">Además, en Peninsoul:</p>
<ul data-start="883" data-end="1276">
<li data-start="883" data-end="983">
<p data-start="885" data-end="983"><strong data-start="885" data-end="918">Participamos en iniciativas sociales.</strong> en el ámbito de influencia de nuestra planta de La Roca del Vallès.</p>
</li>
<li data-start="984" data-end="1137">
<p data-start="986" data-end="1137"><strong data-start="986" data-end="1076">Apoyamos programas que promueven la inclusión laboral de las personas con discapacidad.</strong>, ofreciendo oportunidades reales de integración en el mundo laboral.</p>
</li>
<li data-start="1138" data-end="1276">
<p data-start="1140" data-end="1276"><strong data-start="1140" data-end="1190">Fomentamos la participación activa de nuestro equipo.</strong> en iniciativas solidarias, promoviendo una cultura empresarial comprometida con el bien común.</p>
</li>
</ul>
<p data-start="1278" data-end="1387">Nuestro compromiso va más allá del reciclaje: trabajamos por un <strong data-start="1344" data-end="1386">Un futuro más humano, inclusivo y responsable</strong>.</p>

<p>A Peninsoul creiem que el progrés només és real quan és compartit. Per això, la solidaritat i la responsabilitat social formen part del nostre ADN corporatiu. Cada any, col·laborem amb l’Obra Social de l’Hospital Sant Joan de Déu de Barcelona, una entitat sense ànim de lucre que treballa per millorar la vida dels col·lectius més [&hellip;]</p>

<!-- This site is optimized with the Yoast SEO plugin v27.1.1 - https://yoast.com/product/yoast-seo-wordpress/ -->
<title>Responsabilitat Social Corporativa - Peninsoul</title>
<meta name="robots" content="index, follow, max-snippet:-1, max-image-preview:large, max-video-preview:-1" />
<link rel="canonical" href="https://peninsoul.com/es/responsabilidad-social-corporativa/" />
<meta property="og:locale" content="es_ES" />
<meta property="og:type" content="article" />
<meta property="og:title" content="Responsabilitat Social Corporativa - Peninsoul" />
<meta property="og:description" content="A Peninsoul creiem que el progrés només és real quan és compartit. Per això, la solidaritat i la responsabilitat social formen part del nostre ADN corporatiu. Cada any, col·laborem amb l’Obra Social de l’Hospital Sant Joan de Déu de Barcelona, una entitat sense ànim de lucre que treballa per millorar la vida dels col·lectius més [&hellip;]" />
<meta property="og:url" content="https://peninsoul.com/es/responsabilidad-social-corporativa/" />
<meta property="og:site_name" content="Peninsoul" />
<meta property="article:modified_time" content="2025-09-08T12:58:28+00:00" />
<meta property="og:image" content="https://peninsoul.com/wp-content/uploads/2025/07/responsabilitat.jpg" />
	<meta property="og:image:width" content="1920" />
	<meta property="og:image:height" content="500" />
	<meta property="og:image:type" content="image/jpeg" />
<meta name="twitter:card" content="summary_large_image" />
<meta name="twitter:label1" content="Tiempo de lectura" />
	<meta name="twitter:data1" content="1 minuto" />
<script type="application/ld+json" class="yoast-schema-graph">{"@context":"https://schema.org","@graph":[{"@type":"WebPage","@id":"https://peninsoul.com/responsabilitat-social-corporativa/","url":"https://peninsoul.com/responsabilitat-social-corporativa/","name":"Responsabilitat Social Corporativa - Peninsoul","isPartOf":{"@id":"https://peninsoul.com/#website"},"primaryImageOfPage":{"@id":"https://peninsoul.com/responsabilitat-social-corporativa/#primaryimage"},"image":{"@id":"https://peninsoul.com/responsabilitat-social-corporativa/#primaryimage"},"thumbnailUrl":"https://peninsoul.com/wp-content/uploads/2025/07/responsabilitat.jpg","datePublished":"2025-07-02T09:29:45+00:00","dateModified":"2025-09-08T12:58:28+00:00","breadcrumb":{"@id":"https://peninsoul.com/responsabilitat-social-corporativa/#breadcrumb"},"inLanguage":"es","potentialAction":[{"@type":"ReadAction","target":["https://peninsoul.com/responsabilitat-social-corporativa/"]}]},{"@type":"ImageObject","inLanguage":"es","@id":"https://peninsoul.com/responsabilitat-social-corporativa/#primaryimage","url":"https://peninsoul.com/wp-content/uploads/2025/07/responsabilitat.jpg","contentUrl":"https://peninsoul.com/wp-content/uploads/2025/07/responsabilitat.jpg","width":1920,"height":500},{"@type":"BreadcrumbList","@id":"https://peninsoul.com/responsabilitat-social-corporativa/#breadcrumb","itemListElement":[{"@type":"ListItem","position":1,"name":"Inici","item":"https://peninsoul.com/"},{"@type":"ListItem","position":2,"name":"Responsabilitat Social Corporativa"}]},{"@type":"WebSite","@id":"https://peninsoul.com/#website","url":"https://peninsoul.com/","name":"Peninsoul","description":"Reciclar, transformar i connectar amb el món.","potentialAction":[{"@type":"SearchAction","target":{"@type":"EntryPoint","urlTemplate":"https://peninsoul.com/?s={search_term_string}"},"query-input":{"@type":"PropertyValueSpecification","valueRequired":true,"valueName":"search_term_string"}}],"inLanguage":"es"}]}</script>
<!-- / Yoast SEO plugin. -->

A Peninsoul creiem que el progrés només és real quan és compartit. Per això, la solidaritat i la responsabilitat social formen part del nostre ADN corporatiu. Cada any, col·laborem amb l’Obra Social de l’Hospital Sant Joan de Déu de Barcelona, una entitat sense ànim de lucre que treballa per millorar la vida dels col·lectius més [&hellip;]

Recicla, transforma y conéctate con el mundo.
